z). What is the units digit of (m/7)/(6/(-1659))?
8
Let y be -994*((-87)/21 + -1). Suppose -13*r + 12*r + j = -1704, 3*r - y = 4*j. What is the hundreds digit of r?
7
Suppose -20225 = -23*w + 18*w. Suppose w = 7*v - 1135. What is the tens digit of v?
4
Let v = 73454 - 28189. What is the thousands digit of v?
5
Suppose -5*u = -3*v + 3844, -4*v - 3*u = -5426 + 262. Let x = v + -75. What is the units digit of x?
3
Let c = 2163 - -39670. What is the ten thousands digit of c?
4
Let b(s) = 2*s**2 - 12. Suppose -7*j + 317 = -4*j + i, -5*j - 3*i + 531 = 0. Let k = j + -96. What is the units digit of b(k)?
0
Let h(v) = -4*v**3 - 22*v**2 - 11*v + 12. Let t be h(-6). What is the hundreds digit of (-7)/(315/6) - (-78020)/t?
5
Let h be 1 + 403 + (2 - 0). Suppose 12*j - 14*j + h = 0. Let x = j - 131. What is the tens digit of x?
7
What is the units digit of (-23)/((-1380)/(-768))*-2945?
6
Let i(p) be the first derivative of -p**2 + 2*p + 14 + 49/4*p**4 + 0*p**3. What is the tens digit of i(1)?
4
What is the ten thousands digit of (-16)/(-2) + (744/20)/((-4)/(-4030))?
3
Let a = 3526 + 3339. What is the thousands digit of a?
6
What is the thousands digit of (-5)/10 + ((-93)/(-124))/((-6)/(-142492))?
7
Let j = -1459 + 824. Let c = j - -1108. What is the tens digit of c?
7
Let m = 2189 - 465. What is the units digit of m?
4
Let i = -115 - -113. What is the tens digit of (i - (0 + -146))*(-120)/(-45)?
8
Let w(d) = 2*d**3 + 6*d**2 + 112*d - 1045. What is the tens digit of w(13)?
1
Let f(x) = -2*x + 1. Let k(g) = 17*g + 41. Let o(l) = -5*f(l) + k(l). What is the hundreds digit of o(4)?
1
Let w(h) be the first derivative of 2*h**4/3 + h**3/6 - h**2/2 + h - 19. Let z(i) be the first derivative of w(i). What is the tens digit of z(-5)?
9
Let q = 8698 - 5176. What is the hundreds digit of q?
5
What is the tens digit of -5*10662/(-15) + -14?
4
Let d(h) = -10*h**3 + 47*h**2 - 34*h - 277. What is the ten thousands digit of d(-13)?
3
Let o = 439 - 257. Suppose 196*t = o*t + 7448. What is the hundreds digit of t?
5
Let x(i) = -2*i**3 - 4*i**2 - 9*i + 4. Let v be 3 + 24/12*14/(-4). What is the hundreds digit of x(v)?
1
Let f = -70 - -48. Let y be 4 + f - -3 - 2. Let b(v) = -10*v + 52. What is the tens digit of b(y)?
2
Let o(l) = -l**3 - 14*l**2 + 11. Let y be o(-15). Suppose -8*f + y = 44. Suppose -3*x - 9*x + f = 0. What is the units digit of x?
2
Suppose -7*k + 4*q - 20 = -3*k, 16 = -4*k + 2*q. What is the units digit of -120*(27/18)/k?
0
Suppose 4*o - 14022 = -2*p, 44 - 41 = p. What is the thousands digit of o?
3
Let k(l) = -3*l**3 - 35*l**2 + 114*l + 53. What is the thousands digit of k(-27)?
0
Let a be 28/(-7 + 0)*1. What is the hundreds digit of a/6*-9 - -950?
9
Let s(i) = -11*i + 509. Let b be s(31). Let c be 3*(0 - 74/6). Let a = c + b. What is the units digit of a?
1
Suppose 0 = 4*v + g + 7781, 5*v + 9807 = 3*g + 85. Let s = -1049 - v. What is the tens digit of s?
9
Suppose -4*q - 3*y + 0 = -306, -5*y = 4*q - 310. Suppose 4*o + q = -69. What is the units digit of (-24)/o + 124/6*2?
2
Let w = -35 - -67. Suppose d = -0*b + 5*b - 48, 4*b - w = 4*d. Let v = b + -6. What is the units digit of v?
4
Let m(n) = 16*n**2 - 57*n + 754. What is the tens digit of m(23)?
0
Let t = -69 + 73. Suppose t = 5*x - 6. Suppose -o = -0 - x. What is the units digit of o?
2
Let v(g) = g**2 + 10*g - 13. Let r be v(-11). Let m be 4 - (-8)/r*1. Suppose m = 14*k - 10*k - 8. What is the units digit of k?
2
Let h be (29/(1740/72))/((-4)/(-590)). Suppose 3*i - h - 132 = 0. What is the hundreds digit of i?
1
Suppose 504 = -20*h + 22*h. Suppose -5*l - 3*r + 973 = -h, 1225 = 5*l + 5*r. What is the units digit of l?
5
Let t(c) = 64*c + 82. Let a = 159 + -156. What is the units digit of t(a)?
4
Let d = -10 + 18. Suppose -34 = -d*p + 6. What is the units digit of p?
5
What is the tens digit of 10700 - 0 - ((-10)/95 - 493/551)?
0
Suppose -w + 2887 + 7543 = -11005. What is the units digit of w?
5
Let g = -89230 - -36492. What is the hundreds digit of g/(-70) + 8/(-20)?
7
Suppose -4*b + 2*i = -i - 1211, 0 = 3*b - i - 912. Let g = 588 - b. What is the hundreds digit of g?
2
What is the tens digit of (2405/(-74) - -31)*(-38572)/6?
4
What is the hundreds digit of 18968/5 + (1071/85)/(-21)?
7
Let w(j) = -69*j + 12. Let y be w(-22). What is the units digit of (-3 - y)/(-3) - -2?
3
Suppose p = -2*k - 49, -40 = 2*p - k + 33. Let h be 143/p + ((-1)/3)/1. What is the hundreds digit of (-165)/(h*(27/8 - 3))?
1
Suppose 15*p - 29 = 121. Suppose 68 = p*u - 2502. What is the hundreds digit of u?
2
Let k(y) = 23*y - y**3 + 25*y - 6*y**2 - 33*y + 56 - y**3. What is the hundreds digit of k(-6)?
1
Let y(f) = f**3 + 71*f**2 + 68*f + 85. What is the thousands digit of y(-69)?
4
Let s be (-5808)/(-8 + 5 + 2). Suppose -5*j = -11*j + s. What is the units digit of j?
8
Let p = 32 + -5. Let n be (-4 - p/(-6))/((-2)/(-12)). Suppose -2*m + 110 = -n*z, 0*z - 165 = -3*m + 2*z. What is the units digit of m?
5
Let c(y) = y + 10. Let n be c(-11). Let x = 61 - n. Let m = x + 1. What is the units digit of m?
3
Let w be 3*(-2 - 24/(-9)). Suppose 0 = 3*g + w*s - 7, -3*g + 5*s + 4 = 11. What is the tens digit of 98 + (-4)/2 + g?
9
Let x(b) = -111*b**2 + 44*b + 126. Let r(h) = -22*h**2 + 9*h + 25. Let g(i) = -11*r(i) + 2*x(i). What is the hundreds digit of g(-5)?
5
Suppose 911 = 27*s - 26*s + 4*x, -5*s + 3*x = -4509. Suppose i - 5*d - s = 33, 0 = 2*i - 5*d - 1857. What is the tens digit of i?
2
Let h = -562 - -562. Suppose c + 5*f - 767 = h, -3*c + 2*c + 5*f = -777. What is the hundreds digit of c?
7
What is the hundreds digit of -4 - (2 - 0) - (108 + -18202)?
0
Let w(r) = 26*r**2 + 17*r - 180. What is the tens digit of w(-19)?
8
Let a(s) be the first derivative of 43*s**5/60 + s**4/8 - s**3/3 + 13*s**2 + 47. Let b(w) be the second derivative of a(w). What is the units digit of b(2)?
6
Let c(p) be the first derivative of -p**3/3 + 3*p**2 + 235*p + 29. Let y be c(0). Suppose -65*l + 66*l - y = 0. What is the hundreds digit of l?
2
What is the thousands digit of 4 - (28/140 - 63562/10)?
6
Let q = 10912 - 2667. What is the units digit of q?
5
Let h = -38 + 1. Let p = 113 + h. What is the units digit of p?
6
Suppose -5*l + 53 = -4*l. Let r be (-8 - l) + (2 - 5). Let w = -10 - r. What is the tens digit of w?
5
Let o = -1667 - -3200. What is the thousands digit of o?
1
Suppose -i = 3*m - 11069, m - 170*i - 3703 = -167*i. What is the tens digit of m?
9
Let t be (-2)/1 - (10 + -17). Suppose -t*f - 704 = -13*f. What is the tens digit of f?
8
What is the thousands digit of (-264)/11 + 31657 - -2?
1
Suppose 2*j - 688 = -2*j. Suppose -u = i - 6, 5*u = i + 14 + 16. Suppose -j = -u*q + 4*q. What is the units digit of q?
6
Suppose 5 - 45 = 5*z, -12763 = -5*p - 4*z. What is the units digit of p?
9
Let b be 952/(-7)*18/3. Let s = 862 + b. What is the tens digit of s?
4
Let u(a) = -44*a + 128. Let t(v) = -15*v + 42. Let z(m) = -16*t(m) + 5*u(m). What is the tens digit of z(16)?
8
Suppose -9591 = -3*b + 20127. What is the units digit of b?
6
Let x be 4*(2 + 12/8). Let y(i) = i**3 - 12*i**2 - 7*i + 30. What is the tens digit of y(x)?
2
Suppose -113616 = -34*c + 18*c. What is the tens digit of c?
0
Suppose 212*a - 53932 = 209*a + 9491. What is the hundreds digit of a?
1
What is the hundreds digit of (-2*(49053 + -1))/(16/56*-7)?
0
What is the hundreds digit of (180/110)/(-3) + (-4386193)/(-77)?
9
Suppose -75123 - 485181 = -48*l. What is the ten thousands digit of l?
1
Let o(t) = t**2 - t - 6. Let q be o(3). Suppose 3*f + 0*w + 5*w - 187 = q, -131 = -2*f + 3*w. What is the units digit of ((-4)/(-14))/(2/14) + f?
6
Let s(h) = 52*h**3 - 2*h**2 + 2*h - 6. Let m(u) = 4*u**3 - 2*u**2 - 2*u + 3. Let o be m(1). What is the units digit of s(o)?
6
Let o = 2332 + -1121. Suppose 4791 = 20*k + o. What is the units digit of k?
9
Let f = -24 + -20. Let s = -42 - f. Suppose s*x = 4*d - 5*d + 36, -5*d + 156 = -2*x. What is the tens digit of d?
3
Let g(m) = 7*m + 18. Let t(c) = -6*c - 17. Let u(a) = -5*g(a) - 6*t(a). Let x be u(-4). What is the units digit of (2 - -36) + x + -5?
1
Let u = -35 - -37. Suppose u*w = -11*w + 4615. What is the tens digit of w?
5
Let i(j) = -j**3 + 4*j**2 + 6*j. Let v be i(5). Suppose v*r - k - 302 = 734, -3*r + 3*k = -612. What is the tens digit o